n divisor of 294 and 42.
42
What is the highest common factor of 1 and 1?
1
What is the greatest common divisor of 540 and 135?
135
Calculate the highest common factor of 1682 and 174.
58
What is the greatest common factor of 330 and 30?
30
What is the greatest common divisor of 1015 and 29?
29
Calculate the greatest common divisor of 3285 and 90.
45
What is the greatest common divisor of 154 and 693?
77
What is the greatest common factor of 21 and 36?
3
What is the greatest common divisor of 2 and 17?
1
Calculate the greatest common divisor of 261 and 405.
9
What is the highest common divisor of 5 and 1205?
5
What is the greatest common divisor of 118 and 649?
59
What is the greatest common factor of 350 and 28?
14
What is the greatest common factor of 82 and 35629?
41
What is the greatest common factor of 8 and 3936?
8
What is the highest common factor of 2 and 46?
2
Calculate the highest common factor of 752 and 2192.
16
What is the greatest common divisor of 69 and 48?
3
Calculate the greatest common divisor of 143 and 78.
13
What is the highest common factor of 12298 and 858?
286
What is the highest common factor of 91 and 39?
13
What is the highest common factor of 110 and 250?
10
Calculate the highest common factor of 14 and 55132.
14
What is the highest common divisor of 1271 and 62?
31
What is the highest common divisor of 64 and 608?
32
What is the greatest common divisor of 960 and 15?
15
Calculate the highest common divisor of 402 and 670.
134
What is the highest common factor of 392 and 52?
4
What is the greatest common factor of 2278 and 51?
17
What is the highest common divisor of 2058 and 4263?
147
Calculate the highest common factor of 14 and 91.
7
Calculate the highest common divisor of 8 and 132.
4
Calculate the highest common divisor of 4050 and 210.
30
Calculate the greatest common factor of 370 and 45.
5
What is the greatest common factor of 184 and 8?
8
Calculate the highest common divisor of 46 and 1196.
46
What is the highest common divisor of 200 and 3992?
8
Calculate the highest common divisor of 11 and 1375.
11
Calculate the greatest common factor of 423 and 1128.
141
Calculate the highest common divisor of 2025 and 144.
9
Calculate the highest common divisor of 882 and 324.
18
What is the greatest common divisor of 168 and 3000?
24
What is the greatest common divisor of 243 and 48?
3
Calculate the greatest common divisor of 84 and 9156.
84
Calculate the greatest common factor of 3358 and 584.
146
What is the highest common divisor of 585 and 360?
45
Calculate the highest common divisor of 8346 and 702.
78
Calculate the greatest common divisor of 47 and 47.
47
Calculate the highest common divisor of 3641 and 11.
11
Calculate the highest common factor of 803 and 11.
11
Calculate the highest common divisor of 3872 and 440.
88
What is the greatest common divisor of 19 and 1653?
19
What is the greatest common factor of 6832 and 144?
16
What is the highest common divisor of 75 and 60?
15
Calculate the highest common divisor of 490 and 10.
10
Calculate the highest common factor of 21 and 21.
21
What is the highest common factor of 896 and 128?
128
Calculate the greatest common factor of 12 and 1788.
12
What is the highest common factor of 488 and 136?
8
Calculate the highest common factor of 264 and 24.
24
What is the highest common factor of 12 and 2616?
12
What is the greatest common factor of 11 and 1793?
11
What is the highest common factor of 189 and 525?
21
Calculate the greatest common factor of 54 and 24462.
54
What is the greatest common factor of 1121 and 413?
59
What is the highest common factor of 4264 and 312?
104
What is the highest common divisor of 18 and 954?
18
Calculate the highest common factor of 10 and 2155.
5
What is the greatest common factor of 92 and 4?
4
Calculate the greatest common factor of 3492 and 36.
36
What is the highest common factor of 22 and 8?
2
What is the highest common divisor of 165 and 3685?
55
Calculate the highest common factor of 14 and 14.
14
Calculate the highest common factor of 256 and 160.
32
Calculate the highest common factor of 86 and 215.
43
What is the highest common factor of 27 and 4887?
27
What is the greatest common factor of 33 and 4224?
33
Calculate the highest common divisor of 1325 and 53.
53
What is the greatest common factor of 125 and 25?
25
What is the greatest common factor of 26 and 806?
26
What is the highest common factor of 64 and 704?
64
What is the greatest common factor of 14434 and 14?
14
Calculate the greatest common factor of 48 and 678.
6
Calculate the greatest common divisor of 204 and 459.
51
What is the greatest common factor of 12992 and 112?
112
Calculate the highest common factor of 414 and 138.
138
What is the highest common factor of 128 and 168?
8
What is the greatest common divisor of 212 and 8?
4
What is the highest common factor of 60 and 1140?
60
What is the greatest common factor of 564 and 276?
12
What is the highest common factor of 11511 and 18?
9
Calculate the greatest common divisor of 1140 and 20.
20
Calculate the greatest common divisor of 15 and 5.
5
Calculate the greatest common divisor of 584 and 10366.
146
Calculate the greatest common divisor of 90 and 1845.
45
Calculate the highest common factor of 13 and 975.
13
What is the highest common divisor of 49 and 7693?
49
Calculate the greatest common factor of 51 and 17748.
51
What is the highest common factor of 20 and 2005?
5
Calculate the highest common divisor of 72 and 18.
18
What is the highest common divisor of 231 and 143?
11
What is the highest common divisor of 6 and 51?
3
What is the highest common factor of 1339 and 52?
13
Calculate the highest common factor of 268 and 21038.
134
What is the greatest common factor of 189 and 63?
63
What is the greatest common factor of 88 and 396?
44
What is the highest common divisor of 43 and 5?
1
What is the greatest common factor of 3585 and 90?
15
What is the highest common divisor of 255 and 425?
85
What is the greatest common factor of 11 and 6259?
11
Calculate the greatest common divisor of 2507 and 1853.
109
Calculate the greatest common factor of 34 and 272.
34
What is the greatest common divisor of 15 and 40?
5
Calculate the greatest common factor of 116 and 8.
4
Calculate the greatest common factor of 370 and 25345.
185
What is the highest common divisor of 9 and 747?
9
What is the highest common divisor of 468 and 6396?
156
What is the highest common factor of 82 and 1517?
41
Calculate the greatest common divisor of 1 and 1.
1
What is the greatest common factor of 28 and 315?
7
Calculate the highest common factor of 38 and 19855.
19
What is the highest common factor of 415 and 2241?
83
Calculate the highest common divisor of 714 and 84.
42
What is the highest common divisor of 28 and 1484?
28
What is the greatest common factor of 16 and 16?
16
What is the highest common divisor of 110 and 4895?
55
Calculate the greatest common factor of 16 and 100.
4
Calculate the greatest common factor of 19370 and 130.
130
Calculate the greatest common divisor of 200 and 8.
8
What is the greatest common divisor of 2700 and 2592?
108
What is the highest common factor of 8820 and 100?
20
Calculate the greatest common divisor of 125 and 2000.
125
Calculate the greatest common factor of 216 and 4293.
27
What is the greatest common divisor of 44 and 72?
4
What is the greatest common divisor of 5995 and 55?
55
What is the highest common divisor of 989 and 23?
23
Calculate the greatest common factor of 32 and 144.
16
What is the greatest common factor of 1364 and 589?
31
What is the greatest common factor of 270 and 120?
30
What is the greatest common divisor of 66 and 319?
11
What is the highest common factor of 189 and 273?
21
What is the highest common divisor of 202 and 14342?
202
What is the greatest common factor of 87526 and 214?
214
Calculate the highest common factor of 111 and 624.
3
Calculate the greatest common divisor of 6110 and 390.
130
Calculate the highest common factor of 846 and 1551.
141
What is the highest common factor of 238 and 28?
14
What is the highest common divisor of 2717 and 286?
143
What is the greatest common divisor of 731 and 86?
43
Calculate the greatest common factor of 70 and 130.
10
What is t